 the highest common factor of 120 and o.
24
Let p(k) be the third derivative of 17*k**4/12 - 34*k**3/3 - 2*k**2 + 127*k. Let w be p(3). What is the greatest common divisor of w and 238?
34
Let x be 96*((-24)/(-9) - 2). Suppose 7*j - 28044 + 27932 = 0. What is the highest common divisor of x and j?
16
Let j(k) = -k**3 - 6*k**2 - 3*k + 4. Let t be j(-6). Suppose -2*f = -4*h + 108 + 228, 0 = -h - 2*f + 104. Calculate the greatest common factor of h and t.
22
Let m = -65 - -184. Let r(f) = 16*f**2 - 5*f + 6. Suppose 3 = 7*u - 4*u. Let q be r(u). What is the greatest common divisor of q and m?
17
Let r(k) = k**3 + 6*k**2 - 2*k + 3. Let a be r(-6). Suppose t + 48 = 5*t + 8*p, -4*t + 5*p = -9. What is the greatest common divisor of t and a?
3
Suppose 2*h = -r + 1311, 0 = -2*h + 4*r + 1459 - 133. What is the greatest common factor of 9 and h?
9
Suppose n + 4*h - 300 = 0, 2*n - 58*h + 59*h - 628 = 0. What is the greatest common divisor of 30178 and n?
158
Let c = 3 + 11. Suppose -2*f + c = 4*s, 0 = f + 2*s - 7*s. Suppose -f*n = 40 - 100. Calculate the greatest common divisor of n and 72.
12
Let u = -4642 + 7227. Suppose -2*q - 11097 + u = 0. Let d be q/48*3/(-1). What is the greatest common factor of 38 and d?
38
Let m be (205/15 - 7)/(((-4)/(-4))/453). What is the highest common divisor of 20 and m?
20
Suppose -125*v + 433900 + 302549 = -165676. What is the greatest common factor of 7 and v?
7
Let y = 3480 + -2892. Calculate the highest common factor of 210 and y.
42
Let w be ((-2)/1)/2 - -241. Let d = -17 + 97. Let r = 110 - d. What is the greatest common factor of r and w?
30
Let j(n) = -2*n**2 + 32*n + 36. Let x be j(17). Suppose x*m - 70 = -0*m + 4*q, q = 2*m - 55. Calculate the greatest common factor of 15 and m.
5
Let r(k) = 194*k**3 - 6*k**2 - 13*k + 17. Let x be r(1). What is the greatest common factor of 624 and x?
48
Suppose 5*g - 297 = -4*s, 5*g + 4151*s - 291 = 4149*s. Suppose 12 = -3*a, -3*m + 251 + 152 = -a. What is the highest common factor of g and m?
19
Suppose -r + 3*r = 10. Suppose -228 = -3*b + s, 2*s - 438 = -r*b - 47. Suppose 8*w - 58 + 2 = 0. What is the greatest common divisor of b and w?
7
Let y(f) = 972*f - 39. Let z be y(1). Let o = z - 861. What is the greatest common factor of 168 and o?
24
Let k = -17 + 27. Suppose u + 216 = k*u. Suppose u = -7*i + 129. What is the highest common factor of i and 6?
3
Let z = -6 + 4. Let i be 40/(-30) - (-2)/6. Let y be (-20)/(-2)*i/z. What is the highest common divisor of 20 and y?
5
Suppose -11*v + 441 = 12. Suppose 5*t - 2*q = 1172, -5*q - 176 = -3*t + 531. Suppose p - t = -2*p. Calculate the greatest common factor of p and v.
39
Suppose 4*u + 4*q - 3*q = 0, 0 = -2*u - 4*q - 14. Suppose -l = -4*a - 16, u = -4*l - 5*a + 170. Calculate the greatest common factor of l and 27.
9
Let h(r) = -r**2 + 17*r - 62. Let v be h(8). Let p = 32 - 15. Let q(t) = -2*t + 36. Let m be q(p). What is the highest common factor of m and v?
2
Suppose -4*m + 2*m - 7 = u, -3*u + 24 = -3*m. Suppose -x = -5*p - 56, 2*x = -0*x + u*p + 105. Let i = 52 - x. Calculate the greatest common divisor of 9 and i.
1
Let b be 14/1*(-50)/(-35). Suppose 0 = 14*l - 8*l - 54. Suppose l*a - 6*a = 24. What is the highest common factor of b and a?
4
Let h be (5 - 0 - 2) + 71. Suppose -4 = -g + h. Let l be 26 + 0*3/30. What is the highest common factor of l and g?
26
Let d be ((-698)/(-6) - 0)/((-173)/(-519)). What is the greatest common divisor of d and 35249?
349
Let o be 0 + (7/((-7)/(-4)) - -168). Let r = o + -150. Calculate the highest common divisor of 66 and r.
22
Let c be (0/(-2))/(-9 + 10). Suppose 2*m + 5*a - 23 = c, 0*a + 3*a = 9. Suppose -m*j + 72 = -0*j. What is the highest common factor of 27 and j?
9
Let d be (-2)/((-133)/1387*(-4)/14). Let f = -72 - d. What is the greatest common factor of f and 9?
1
Let t = -19 + 40. Suppose 0 = 3*b - 75 + t. Let s(x) = -2*x**3 - 13*x**2 - 2*x + 45. Let z be s(-7). What is the greatest common divisor of z and b?
18
Suppose -16*q = -14*q - 3*r + 3, 0 = -2*r + 6. Suppose 5*y = -q*h + 114, 6*y - 3*y = -3*h + 72. Calculate the highest common factor of 35 and y.
7
Suppose -2*q + 2*v - 20 = -4*q, -q + 5*v = -22. Let r(s) = -99*s + 642. Let k be r(6). Calculate the greatest common divisor of k and q.
12
Let k(b) = -b**2 - 13*b - 1. Let t be k(-7). Suppose 5*y - 217 = -2*i, -212*i + 211 = 5*y - 211*i. Calculate the highest common factor of y and t.
41
Suppose -9154 = -52*d + 42430. Calculate the highest common factor of 128 and d.
32
Suppose -2*o = w - 4 - 20, -4*w + 5*o + 109 = 0. Suppose -638 = -w*u + 4*u. What is the greatest common factor of 377 and u?
29
Let q be 4/(-48)*-9*(3 + 1). Suppose 4*i - 8 = 0, -2*i + 78 = 2*h + q*i. Calculate the highest common factor of 119 and h.
17
Suppose 0 = -2*k + 3*t + 18, -k = 4*t + 5 - 25. Suppose -8*h = 5*o - 28, -3*h - 33 = -21. Calculate the greatest common factor of o and k.
12
Let k(o) = 231*o + 1745. Let n be k(-7). Calculate the greatest common factor of 1296 and n.
16
Let n be -3 - (-66)/21 - (-58)/(-14). Let v be n/(-8)*(3 + 3 - 0). Let j be v + -6 + 2 + 4 - -17. What is the highest common factor of j and 5?
5
Let c be (16 + (-1700)/110)*33. Calculate the highest common divisor of c and 12060.
18
Suppose 3*j - 5*j + 26 = -4*l, -j = l + 5. Let m = 106 - l. Calculate the highest common divisor of 7 and m.
7
Let i(m) = -14*m - 94. Let g be i(-7). Suppose k + k = 3*q - 677, -897 = -g*q - 3*k. What is the greatest common divisor of 15 and q?
15
Suppose 10728 = -165*s + 177*s. What is the highest common factor of 24 and s?
6
Let m be (-2)/(-3)*(-20 + (-13698)/(-72))*46. What is the highest common divisor of m and 681?
227
Suppose 0 = -4*q + 323 - 35. Suppose -15 = 3*u, -2*w - 2*u - 2 = -40. What is the highest common factor of w and q?
24
Suppose 0 = 5*f + u + 467, 3*f - u + 163 = -114. Let q = f - -181. Calculate the greatest common divisor of 32 and q.
8
Let v be (30 - 2)*(7 - (11 - 5)). Let c be 16/56 - (-888)/v. Calculate the highest common divisor of c and 96.
32
Suppose 18*m - 3909 = 1401. What is the highest common divisor of 65 and m?
5
Let k = 5818 - 5666. What is the highest common divisor of k and 16?
8
Suppose g - 23 - 40 = 0. Suppose 30*d - 5*d - 1500 = 0. Suppose -56*h = -d*h + 28. What is the highest common factor of g and h?
7
Let z = -441 + 444. Suppose -3*f - 9 = -3*w, 2*f + 8 = 3*w - 0. Calculate the highest common divisor of w and z.
1
Suppose 11*o + 280 = 1171. Suppose -7*y = -2*y - 3*q - 139, o = 3*y - 3*q. Suppose -2*r + 24 = -440. Calculate the greatest common divisor of r and y.
29
Let a be -4 + 72/(-20)*10/3. Let f = a + 89. Let u = f - 65. What is the greatest common divisor of u and 4?
4
Let t = 29 + -26. Suppose -r + 0*r + t*h + 20 = 0, -r + 25 = -4*h. Let v(j) = 5*j**2 - 11*j + 2. Let p be v(r). Calculate the highest common divisor of 8 and p.
8
Let q be ((-10)/(-5))/((-5)/(-630)). Suppose -q = 8*j - 12*j. Let d be 7/((-15)/9 - -2). What is the highest common divisor of j and d?
21
Let v(a) = -3*a**2 - 11*a + 2. Let y be v(-3). Suppose 3*i = -6*b + y*b + 415, 0 = -2*i - 2*b + 260. What is the greatest common factor of 495 and i?
45
Suppose 0 = 4*b - 8, d - 3*d + 3*b + 4 = 0. Let v(x) = 40*x - 12. Let w be v(d). Suppose -3*y + 67 = -w. Calculate the highest common factor of y and 34.
17
Let p be 6/4*2 - -12. Suppose -3*j - j + 100 = 5*q, -12 = 3*q. What is the greatest common factor of p and j?
15
Let q(x) = -105*x + 6. Let t be q(-2). Let k(n) = 2*n**2 + 16*n - 57. Let g be k(-11). Calculate the highest common divisor of t and g.
9
Let t(j) = -2*j**3 - 48*j**2 - 58*j - 268. Let g be t(-23). Suppose -5*o + 4*h = -36 - 6, -2*h + 24 = 5*o. Calculate the greatest common divisor of g and o.
2
Let g = 16829 - 16758. What is the highest common divisor of 5893 and g?
71
Let o = 4204 + 990. Let w be o/28 + (-10)/4. Calculate the greatest common divisor of w and 122.
61
Let r = -7264 + 7366. Let o(n) = n**3 + n + 561. Let g be o(0). What is the greatest common factor of g and r?
51
Suppose -5*k = 3*w - 7*k - 27, -5*k = -5*w + 50. Suppose 0 = i - 2*q + 5, -3*i + 5*q - w - 3 = 0. What is the greatest common factor of 5 and i?
5
Let o = -28082 + 28235. Calculate the highest common divisor of o and 3842.
17
Suppose 0 = -2*c - 3